{"id":360,"date":"2019-11-02T09:09:46","date_gmt":"2019-11-02T09:09:46","guid":{"rendered":"http:\/\/www.bodytruck.cz\/?page_id=360"},"modified":"2026-04-16T09:39:23","modified_gmt":"2026-04-16T09:39:23","slug":"foodtruck","status":"publish","type":"page","link":"https:\/\/www.bodytruck.cz\/index.php\/domu\/foodtruck\/","title":{"rendered":"Vozidla pro rychl\u00e9 ob\u010derstven\u00ed"},"content":{"rendered":"<p>Z\u00e1kladn\u00ed p\u0159ehled Foodtruck a Streetfood typ SELECTION<\/p>\n<p><a href=\"https:\/\/www.bodytruck.cz\/index.php\/4035ft\/\">4035-FT<img loading=\"lazy\" decoding=\"async\" class=\"aligncenter wp-image-1881 size-medium\" src=\"https:\/\/www.bodytruck.cz\/wp-content\/uploads\/2026\/04\/21-300x136.jpg\" alt=\"\" width=\"300\" height=\"136\" srcset=\"https:\/\/www.bodytruck.cz\/wp-content\/uploads\/2026\/04\/21-300x136.jpg 300w, https:\/\/www.bodytruck.cz\/wp-content\/uploads\/2026\/04\/21-1024x464.jpg 1024w, https:\/\/www.bodytruck.cz\/wp-content\/uploads\/2026\/04\/21-150x68.jpg 150w, https:\/\/www.bodytruck.cz\/wp-content\/uploads\/2026\/04\/21-768x348.jpg 768w, https:\/\/www.bodytruck.cz\/wp-content\/uploads\/2026\/04\/21-1536x697.jpg 1536w, https:\/\/www.bodytruck.cz\/wp-content\/uploads\/2026\/04\/21.jpg 1837w\" sizes=\"auto, (max-width: 300px) 100vw, 300px\" \/><\/a><\/p>\n<p>P\u0159\u00edv\u011bsy:<\/p>\n<p><a href=\"https:\/\/www.bodytruck.cz\/index.php\/4020im\/\">4020-IM<img loading=\"lazy\" decoding=\"async\" class=\"aligncenter wp-image-1883 size-medium\" src=\"https:\/\/www.bodytruck.cz\/wp-content\/uploads\/2026\/04\/101-2-300x164.jpg\" alt=\"\" width=\"300\" height=\"164\" srcset=\"https:\/\/www.bodytruck.cz\/wp-content\/uploads\/2026\/04\/101-2-300x164.jpg 300w, https:\/\/www.bodytruck.cz\/wp-content\/uploads\/2026\/04\/101-2-1024x561.jpg 1024w, https:\/\/www.bodytruck.cz\/wp-content\/uploads\/2026\/04\/101-2-150x82.jpg 150w, https:\/\/www.bodytruck.cz\/wp-content\/uploads\/2026\/04\/101-2-768x421.jpg 768w, https:\/\/www.bodytruck.cz\/wp-content\/uploads\/2026\/04\/101-2.jpg 1365w\" sizes=\"auto, (max-width: 300px) 100vw, 300px\" \/><\/a><a href=\"https:\/\/www.bodytruck.cz\/index.php\/4018ft\/\">4018-IM<\/a><\/p>\n<p><a href=\"https:\/\/www.bodytruck.cz\/index.php\/4018ft\/\"><img loading=\"lazy\" decoding=\"async\" class=\"aligncenter size-medium wp-image-1884\" src=\"https:\/\/www.bodytruck.cz\/wp-content\/uploads\/2026\/04\/101-3-300x172.jpg\" alt=\"\" width=\"300\" height=\"172\" srcset=\"https:\/\/www.bodytruck.cz\/wp-content\/uploads\/2026\/04\/101-3-300x172.jpg 300w, https:\/\/www.bodytruck.cz\/wp-content\/uploads\/2026\/04\/101-3-1024x586.jpg 1024w, https:\/\/www.bodytruck.cz\/wp-content\/uploads\/2026\/04\/101-3-150x86.jpg 150w, https:\/\/www.bodytruck.cz\/wp-content\/uploads\/2026\/04\/101-3-768x440.jpg 768w, https:\/\/www.bodytruck.cz\/wp-content\/uploads\/2026\/04\/101-3.jpg 1397w\" sizes=\"auto, (max-width: 300px) 100vw, 300px\" \/><\/a><\/p>\n<p>INDIVIDU\u00c1LN\u00cd STAVBY VOZIDEL A P\u0158\u00cdV\u011aS\u016e<img loading=\"lazy\" decoding=\"async\" class=\"aligncenter size-medium wp-image-362\" src=\"http:\/\/www.bodytruck.cz\/wp-content\/uploads\/2019\/11\/FT-Individual-300x150.png\" alt=\"\" width=\"300\" height=\"150\" srcset=\"https:\/\/www.bodytruck.cz\/wp-content\/uploads\/2019\/11\/FT-Individual-300x150.png 300w, https:\/\/www.bodytruck.cz\/wp-content\/uploads\/2019\/11\/FT-Individual-150x75.png 150w, https:\/\/www.bodytruck.cz\/wp-content\/uploads\/2019\/11\/FT-Individual-768x384.png 768w, https:\/\/www.bodytruck.cz\/wp-content\/uploads\/2019\/11\/FT-Individual.png 1000w\" sizes=\"auto, (max-width: 300px) 100vw, 300px\" \/><\/p>\n","protected":false},"excerpt":{"rendered":"<p>Z\u00e1kladn\u00ed p\u0159ehled Foodtruck a Streetfood typ SELECTION 4035-FT P\u0159\u00edv\u011bsy: 4020-IM4018-IM INDIVIDU\u00c1LN\u00cd STAVBY VOZIDEL A P\u0158\u00cdV\u011aS\u016e<\/p>\n","protected":false},"author":1,"featured_media":0,"parent":26,"menu_order":0,"comment_status":"closed","ping_status":"closed","template":"","meta":{"footnotes":""},"class_list":["post-360","page","type-page","status-publish","hentry"],"yoast_head":"<!-- This site is optimized with the Yoast SEO plugin v27.5 - https:\/\/yoast.com\/product\/yoast-seo-wordpress\/ -->\n<title>Vozidla pro rychl\u00e9 ob\u010derstven\u00ed * Poj\u00edzdn\u00e9 prodejny a foodtrucky BORCO-H\u00d6HNS<\/title>\n<meta name=\"description\" content=\"Poj\u00edzdn\u00e9 prodejny\" \/>\n<meta name=\"robots\" content=\"index, follow, max-snippet:-1, max-image-preview:large, max-video-preview:-1\" \/>\n<link rel=\"canonical\" href=\"https:\/\/www.bodytruck.cz\/index.php\/domu\/foodtruck\/\" \/>\n<meta property=\"og:locale\" content=\"cs_CZ\" \/>\n<meta property=\"og:type\" content=\"article\" \/>\n<meta property=\"og:title\" content=\"Vozidla pro rychl\u00e9 ob\u010derstven\u00ed * Poj\u00edzdn\u00e9 prodejny a foodtrucky BORCO-H\u00d6HNS\" \/>\n<meta property=\"og:description\" content=\"Poj\u00edzdn\u00e9 prodejny\" \/>\n<meta property=\"og:url\" content=\"https:\/\/www.bodytruck.cz\/index.php\/domu\/foodtruck\/\" \/>\n<meta property=\"og:site_name\" content=\"Poj\u00edzdn\u00e9 prodejny a foodtrucky BORCO-H\u00d6HNS\" \/>\n<meta property=\"article:publisher\" content=\"https:\/\/www.facebook.com\/bodytrucksro\" \/>\n<meta property=\"article:modified_time\" content=\"2026-04-16T09:39:23+00:00\" \/>\n<meta property=\"og:image\" content=\"https:\/\/www.bodytruck.cz\/wp-content\/uploads\/2026\/04\/21.jpg\" \/>\n\t<meta property=\"og:image:width\" content=\"1837\" \/>\n\t<meta property=\"og:image:height\" content=\"833\" \/>\n\t<meta property=\"og:image:type\" content=\"image\/jpeg\" \/>\n<meta name=\"twitter:card\" content=\"summary_large_image\" \/>\n<meta name=\"twitter:label1\" content=\"Odhadovan\u00e1 doba \u010dten\u00ed\" \/>\n\t<meta name=\"twitter:data1\" content=\"1 minuta\" \/>\n<script type=\"application\/ld+json\" class=\"yoast-schema-graph\">{\"@context\":\"https:\\\/\\\/schema.org\",\"@graph\":[{\"@type\":\"WebPage\",\"@id\":\"https:\\\/\\\/www.bodytruck.cz\\\/index.php\\\/domu\\\/foodtruck\\\/\",\"url\":\"https:\\\/\\\/www.bodytruck.cz\\\/index.php\\\/domu\\\/foodtruck\\\/\",\"name\":\"Vozidla pro rychl\u00e9 ob\u010derstven\u00ed * Poj\u00edzdn\u00e9 prodejny a foodtrucky BORCO-H\u00d6HNS\",\"isPartOf\":{\"@id\":\"https:\\\/\\\/www.bodytruck.cz\\\/#website\"},\"primaryImageOfPage\":{\"@id\":\"https:\\\/\\\/www.bodytruck.cz\\\/index.php\\\/domu\\\/foodtruck\\\/#primaryimage\"},\"image\":{\"@id\":\"https:\\\/\\\/www.bodytruck.cz\\\/index.php\\\/domu\\\/foodtruck\\\/#primaryimage\"},\"thumbnailUrl\":\"https:\\\/\\\/www.bodytruck.cz\\\/wp-content\\\/uploads\\\/2026\\\/04\\\/21-300x136.jpg\",\"datePublished\":\"2019-11-02T09:09:46+00:00\",\"dateModified\":\"2026-04-16T09:39:23+00:00\",\"description\":\"Poj\u00edzdn\u00e9 prodejny\",\"breadcrumb\":{\"@id\":\"https:\\\/\\\/www.bodytruck.cz\\\/index.php\\\/domu\\\/foodtruck\\\/#breadcrumb\"},\"inLanguage\":\"cs\",\"potentialAction\":[{\"@type\":\"ReadAction\",\"target\":[\"https:\\\/\\\/www.bodytruck.cz\\\/index.php\\\/domu\\\/foodtruck\\\/\"]}]},{\"@type\":\"ImageObject\",\"inLanguage\":\"cs\",\"@id\":\"https:\\\/\\\/www.bodytruck.cz\\\/index.php\\\/domu\\\/foodtruck\\\/#primaryimage\",\"url\":\"https:\\\/\\\/www.bodytruck.cz\\\/wp-content\\\/uploads\\\/2026\\\/04\\\/21.jpg\",\"contentUrl\":\"https:\\\/\\\/www.bodytruck.cz\\\/wp-content\\\/uploads\\\/2026\\\/04\\\/21.jpg\",\"width\":1837,\"height\":833},{\"@type\":\"BreadcrumbList\",\"@id\":\"https:\\\/\\\/www.bodytruck.cz\\\/index.php\\\/domu\\\/foodtruck\\\/#breadcrumb\",\"itemListElement\":[{\"@type\":\"ListItem\",\"position\":1,\"name\":\"Dom\u016f\",\"item\":\"https:\\\/\\\/www.bodytruck.cz\\\/\"},{\"@type\":\"ListItem\",\"position\":2,\"name\":\"Poj\u00edzdn\u00e9 prodejny a foodtrucky\",\"item\":\"https:\\\/\\\/www.bodytruck.cz\\\/\"},{\"@type\":\"ListItem\",\"position\":3,\"name\":\"Vozidla pro rychl\u00e9 ob\u010derstven\u00ed\"}]},{\"@type\":\"WebSite\",\"@id\":\"https:\\\/\\\/www.bodytruck.cz\\\/#website\",\"url\":\"https:\\\/\\\/www.bodytruck.cz\\\/\",\"name\":\"Poj\u00edzdn\u00e9 prodejny a p\u0159\u00edv\u011bsy BORCO-H\u00d6HNS\",\"description\":\"Autorizovan\u00fd prodej a servis v \u010cesk\u00e9 republice a na Slovensku\",\"publisher\":{\"@id\":\"https:\\\/\\\/www.bodytruck.cz\\\/#organization\"},\"potentialAction\":[{\"@type\":\"SearchAction\",\"target\":{\"@type\":\"EntryPoint\",\"urlTemplate\":\"https:\\\/\\\/www.bodytruck.cz\\\/?s={search_term_string}\"},\"query-input\":{\"@type\":\"PropertyValueSpecification\",\"valueRequired\":true,\"valueName\":\"search_term_string\"}}],\"inLanguage\":\"cs\"},{\"@type\":\"Organization\",\"@id\":\"https:\\\/\\\/www.bodytruck.cz\\\/#organization\",\"name\":\"BODYTRUCK s.r.o.\",\"url\":\"https:\\\/\\\/www.bodytruck.cz\\\/\",\"logo\":{\"@type\":\"ImageObject\",\"inLanguage\":\"cs\",\"@id\":\"https:\\\/\\\/www.bodytruck.cz\\\/#\\\/schema\\\/logo\\\/image\\\/\",\"url\":\"https:\\\/\\\/www.bodytruck.cz\\\/wp-content\\\/uploads\\\/2019\\\/10\\\/cropped-LOGO_BODYTRUCK_RGB_bez-pozadi.png\",\"contentUrl\":\"https:\\\/\\\/www.bodytruck.cz\\\/wp-content\\\/uploads\\\/2019\\\/10\\\/cropped-LOGO_BODYTRUCK_RGB_bez-pozadi.png\",\"width\":248,\"height\":76,\"caption\":\"BODYTRUCK s.r.o.\"},\"image\":{\"@id\":\"https:\\\/\\\/www.bodytruck.cz\\\/#\\\/schema\\\/logo\\\/image\\\/\"},\"sameAs\":[\"https:\\\/\\\/www.facebook.com\\\/bodytrucksro\",\"https:\\\/\\\/www.instagram.com\\\/bodytruck_sro\\\/\"]}]}<\/script>\n<!-- \/ Yoast SEO plugin. -->","yoast_head_json":{"title":"Vozidla pro rychl\u00e9 ob\u010derstven\u00ed * Poj\u00edzdn\u00e9 prodejny a foodtrucky BORCO-H\u00d6HNS","description":"Poj\u00edzdn\u00e9 prodejny","robots":{"index":"index","follow":"follow","max-snippet":"max-snippet:-1","max-image-preview":"max-image-preview:large","max-video-preview":"max-video-preview:-1"},"canonical":"https:\/\/www.bodytruck.cz\/index.php\/domu\/foodtruck\/","og_locale":"cs_CZ","og_type":"article","og_title":"Vozidla pro rychl\u00e9 ob\u010derstven\u00ed * Poj\u00edzdn\u00e9 prodejny a foodtrucky BORCO-H\u00d6HNS","og_description":"Poj\u00edzdn\u00e9 prodejny","og_url":"https:\/\/www.bodytruck.cz\/index.php\/domu\/foodtruck\/","og_site_name":"Poj\u00edzdn\u00e9 prodejny a foodtrucky BORCO-H\u00d6HNS","article_publisher":"https:\/\/www.facebook.com\/bodytrucksro","article_modified_time":"2026-04-16T09:39:23+00:00","og_image":[{"width":1837,"height":833,"url":"https:\/\/www.bodytruck.cz\/wp-content\/uploads\/2026\/04\/21.jpg","type":"image\/jpeg"}],"twitter_card":"summary_large_image","twitter_misc":{"Odhadovan\u00e1 doba \u010dten\u00ed":"1 minuta"},"schema":{"@context":"https:\/\/schema.org","@graph":[{"@type":"WebPage","@id":"https:\/\/www.bodytruck.cz\/index.php\/domu\/foodtruck\/","url":"https:\/\/www.bodytruck.cz\/index.php\/domu\/foodtruck\/","name":"Vozidla pro rychl\u00e9 ob\u010derstven\u00ed * Poj\u00edzdn\u00e9 prodejny a foodtrucky BORCO-H\u00d6HNS","isPartOf":{"@id":"https:\/\/www.bodytruck.cz\/#website"},"primaryImageOfPage":{"@id":"https:\/\/www.bodytruck.cz\/index.php\/domu\/foodtruck\/#primaryimage"},"image":{"@id":"https:\/\/www.bodytruck.cz\/index.php\/domu\/foodtruck\/#primaryimage"},"thumbnailUrl":"https:\/\/www.bodytruck.cz\/wp-content\/uploads\/2026\/04\/21-300x136.jpg","datePublished":"2019-11-02T09:09:46+00:00","dateModified":"2026-04-16T09:39:23+00:00","description":"Poj\u00edzdn\u00e9 prodejny","breadcrumb":{"@id":"https:\/\/www.bodytruck.cz\/index.php\/domu\/foodtruck\/#breadcrumb"},"inLanguage":"cs","potentialAction":[{"@type":"ReadAction","target":["https:\/\/www.bodytruck.cz\/index.php\/domu\/foodtruck\/"]}]},{"@type":"ImageObject","inLanguage":"cs","@id":"https:\/\/www.bodytruck.cz\/index.php\/domu\/foodtruck\/#primaryimage","url":"https:\/\/www.bodytruck.cz\/wp-content\/uploads\/2026\/04\/21.jpg","contentUrl":"https:\/\/www.bodytruck.cz\/wp-content\/uploads\/2026\/04\/21.jpg","width":1837,"height":833},{"@type":"BreadcrumbList","@id":"https:\/\/www.bodytruck.cz\/index.php\/domu\/foodtruck\/#breadcrumb","itemListElement":[{"@type":"ListItem","position":1,"name":"Dom\u016f","item":"https:\/\/www.bodytruck.cz\/"},{"@type":"ListItem","position":2,"name":"Poj\u00edzdn\u00e9 prodejny a foodtrucky","item":"https:\/\/www.bodytruck.cz\/"},{"@type":"ListItem","position":3,"name":"Vozidla pro rychl\u00e9 ob\u010derstven\u00ed"}]},{"@type":"WebSite","@id":"https:\/\/www.bodytruck.cz\/#website","url":"https:\/\/www.bodytruck.cz\/","name":"Poj\u00edzdn\u00e9 prodejny a p\u0159\u00edv\u011bsy BORCO-H\u00d6HNS","description":"Autorizovan\u00fd prodej a servis v \u010cesk\u00e9 republice a na Slovensku","publisher":{"@id":"https:\/\/www.bodytruck.cz\/#organization"},"potentialAction":[{"@type":"SearchAction","target":{"@type":"EntryPoint","urlTemplate":"https:\/\/www.bodytruck.cz\/?s={search_term_string}"},"query-input":{"@type":"PropertyValueSpecification","valueRequired":true,"valueName":"search_term_string"}}],"inLanguage":"cs"},{"@type":"Organization","@id":"https:\/\/www.bodytruck.cz\/#organization","name":"BODYTRUCK s.r.o.","url":"https:\/\/www.bodytruck.cz\/","logo":{"@type":"ImageObject","inLanguage":"cs","@id":"https:\/\/www.bodytruck.cz\/#\/schema\/logo\/image\/","url":"https:\/\/www.bodytruck.cz\/wp-content\/uploads\/2019\/10\/cropped-LOGO_BODYTRUCK_RGB_bez-pozadi.png","contentUrl":"https:\/\/www.bodytruck.cz\/wp-content\/uploads\/2019\/10\/cropped-LOGO_BODYTRUCK_RGB_bez-pozadi.png","width":248,"height":76,"caption":"BODYTRUCK s.r.o."},"image":{"@id":"https:\/\/www.bodytruck.cz\/#\/schema\/logo\/image\/"},"sameAs":["https:\/\/www.facebook.com\/bodytrucksro","https:\/\/www.instagram.com\/bodytruck_sro\/"]}]}},"_links":{"self":[{"href":"https:\/\/www.bodytruck.cz\/index.php\/wp-json\/wp\/v2\/pages\/360","targetHints":{"allow":["GET"]}}],"collection":[{"href":"https:\/\/www.bodytruck.cz\/index.php\/wp-json\/wp\/v2\/pages"}],"about":[{"href":"https:\/\/www.bodytruck.cz\/index.php\/wp-json\/wp\/v2\/types\/page"}],"author":[{"embeddable":true,"href":"https:\/\/www.bodytruck.cz\/index.php\/wp-json\/wp\/v2\/users\/1"}],"replies":[{"embeddable":true,"href":"https:\/\/www.bodytruck.cz\/index.php\/wp-json\/wp\/v2\/comments?post=360"}],"version-history":[{"count":12,"href":"https:\/\/www.bodytruck.cz\/index.php\/wp-json\/wp\/v2\/pages\/360\/revisions"}],"predecessor-version":[{"id":1894,"href":"https:\/\/www.bodytruck.cz\/index.php\/wp-json\/wp\/v2\/pages\/360\/revisions\/1894"}],"up":[{"embeddable":true,"href":"https:\/\/www.bodytruck.cz\/index.php\/wp-json\/wp\/v2\/pages\/26"}],"wp:attachment":[{"href":"https:\/\/www.bodytruck.cz\/index.php\/wp-json\/wp\/v2\/media?parent=360"}],"curies":[{"name":"wp","href":"https:\/\/api.w.org\/{rel}","templated":true}]}}